- m. What is t(-4)?
6
Let m(v) = 0*v**3 - v**3 + 10 - 13*v**2 - v + 2*v**2 + 12*v**2 + 9*v**2. Give m(10).
0
Suppose 21 = -3*c + 3*a, 2*c + 32 = -2*c + 5*a. Let h(p) be the second derivative of -p**5/20 - p**4/6 - p**3/3 - 2429*p. Give h(c).
15
Let y(l) = -l - 15. Let q(j) = 3*j**2 - 108*j - 9. Let r be q(36). Determine y(r).
-6
Let n(j) be the third derivative of j**5/60 + j**4/24 - j**3/6 - 21*j**2. Let r(b) = -2*b**2 + b - 2. Let t(x) = -2*n(x) + r(x). Give t(-2).
-14
Let y(t) = t + 19. Let q be y(-8). Suppose 4*g + q + 5 = -3*z, -z + 4*g = -16. Let i(s) = s + 2. Let o be i(z). Let a(j) = j**2 + j - 2. Calculate a(o).
4
Let x(j) = -4*j - 26. Suppose 5*h = -2*i - 36, 4*h + 2*i = -21 - 9. Give x(h).
-2
Let y(b) be the second derivative of -b**5/60 - 5*b**4/24 + 9*b**2/2 + 5*b. Let z(k) be the first derivative of y(k). Calculate z(-5).
0
Let k(b) = -b**2 - 20*b + 38. Suppose 663 = 7*t + 817. Give k(t).
-6
Let o(z) = -7*z - 1. Let i(a) = a**3 + a - 3. Let u be i(-2). Let v = u - -15. Determine o(v).
-15
Let i(f) = -2*f + 2. Let r be 327/(-9) + (-2)/(-6). Let z = -39 - r. Calculate i(z).
8
Let l(x) = x - 3. Let h(c) = c**3 - 6*c**2 - 4*c - 16. Let v(u) = 2*u + 7. Let b be v(0). Let p be h(b). What is l(p)?
2
Let d(j) = j**2 - 5*j - 2. Let y(m) be the second derivative of -m**5/4 - m**4/12 + m**3/3 + m**2 - 8*m. Let o be y(-1). Give d(o).
-6
Let l = 34 + -35. Let p(v) = -5*v. Determine p(l).
5
Suppose -3*b - 5*o = 38, -2*b - 3*b + 5*o = 90. Let z = -14 - b. Let t(q) = q**2 - 2*q. Give t(z).
0
Let b(z) = -z**3 - 5*z**2 - 3*z. Suppose -5*g = -4 + 14. Let t be -2 + (-5 - 0) + 6 + g. Give b(t).
-9
Let d(x) = -x**2 - 4*x - 6. Suppose 30*k = 33*k - 3*s + 6, -3*k - 16 = 2*s. What is d(k)?
-6
Suppose -3 = 2*s - 27. Let p be (-22)/(-8) - (-3)/s. Suppose 2*r + 3*v - 19 = 0, 3*r + 2*v - p*v = 1. Let k(c) = -3*c**3 + 3*c**2 - c + 2. Determine k(r).
-12
Let y(w) = 3*w - 2. Let k(l) = -3*l + 11. Let q be k(3). Suppose -p + 12 = q*g, g - 2*g - 1 = 4*p. Give y(g).
19
Suppose 2*d = 5*o - 16, -7*o + 8*o - 2*d = 0. Let l(m) = 2*m**3 + 5*m**2 - 6*m - 2*m**3 - m**3. What is l(o)?
-8
Let v(m) be the first derivative of m**4/4 - m**3 - 5*m**2/2 - m + 197. Determine v(5).
24
Let t(x) = x**3 + 9*x**2 + 11*x + 5. Let o = 144 - 152. Calculate t(o).
-19
Let a(g) = g**2 + 5*g - 3. Let s be a(-4). Let u(i) = -i**3 - 78*i**2 + 2*i + 86*i**2 - 15*i**2 + 8. Give u(s).
-6
Let n = -197 + 206. Let r(w) = w**2 - 11*w - 11. Calculate r(n).
-29
Let p(w) = -w**3 - 5*w**2 - 5*w - 4. Suppose 6*c = 3*c - 9. Determine p(c).
-7
Let o be 16/(-6)*(-255)/10. Suppose 0 = -5*x + 47 + o. Let g(i) = 3 - 24*i + 2 + x*i - 1. Calculate g(3).
1
Let o(c) = 2*c**2 + c. Let g be -3 - 0*3/6. Let u be (g/(-6))/(1/(-6)). Calculate o(u).
15
Let t = -14 + 16. Suppose 0 = o - t + 1. Let v(m) = 8*m**3 + m. Give v(o).
9
Let d(j) = -6 + 115*j**2 - j - 238*j**2 + 122*j**2. Suppose 0 = -5*v - 0*v. Determine d(v).
-6
Let o(j) = j**2 + 5*j + 2. Let s = 4 + -4. Suppose s = 3*i - 5*g - 5 - 0, -4*i = -4*g - 12. Suppose -4*d + d = 5*q + 12, 0 = -5*q - i*d - 10. Determine o(q).
-4
Let c(s) = s**3 + 8*s**2 + 3*s + 14. Suppose -939*q + 937*q - 16 = 0. What is c(q)?
-10
Let f(q) = -5*q**3 - 3 + 9*q**2 + 2*q**3 + 2*q**3 + q. Let g be 12/(-14)*1428/(-136). Give f(g).
6
Let r(o) = -11*o - 10. Let c(w) = -31*w - 27. Let d(z) = 6*c(z) - 17*r(z). Let y(i) = -i + 1. Let h be y(-5). Give d(h).
14
Let t(d) = -d**2 + 6 + 0 + 3. Let z = -551 - -551. Calculate t(z).
9
Let l(z) = z**2 - z. Let s(r) = -6*r**2 + 2*r - 3. Let d(x) = -5*l(x) - s(x). Calculate d(-2).
1
Let i(k) = 11 - 16*k - 45 + 15*k. Let r be i(0). Let v = 30 + r. Let q(x) = -2*x + 1. What is q(v)?
9
Let o be (-4)/10 + (-8)/(-20). Let z be o - (2 + -1 + -3). Suppose 3 = -z*w - 9. Let c(m) = -m**2 - 5*m + 8. Calculate c(w).
2
Suppose 0 = 3*i + i - 2*a + 40, 0 = -2*i + 2*a - 24. Let w(z) = z**2 + 11*z + 10. What is w(i)?
-14
Let k(a) = -6*a - 43. Let p be k(-8). Let m(z) = -1 - 60*z + p - 2*z**2 + 65*z. Calculate m(-3).
-29
Suppose -4*x - 175 = -175. Suppose 12*c - 10*c - 2 = x. Let w(l) = -11*l + 1. What is w(c)?
-10
Let u(v) be the first derivative of 10*v**2 - 2*v - 40. Give u(-1).
-22
Let m(l) = -21*l - 3. Let q(j) = -111*j + 447. Let a be q(4). Determine m(a).
-66
Let p(y) = 0*y - 1 + 37 - 10*y + 17*y. Calculate p(-5).
1
Let i = -603 - -597. Let o(m) be the third derivative of -m**4/8 - m**3/2 - 5*m**2. What is o(i)?
15
Let m be (-1)/(-4) + (-33)/(-12). Let f(n) = 24*n + 22*n**2 - 23*n**2 + n**3 - 5*n - 20*n. Determine f(m).
15
Let v(y) = y + 5. Let d(c) be the second derivative of -5*c**4/12 - 20*c. Let i be d(-1). Determine v(i).
0
Let t(w) = w**2 - 3*w + 3. Let j(q) = 2*q - 2. Let u(i) = -5*j(i) - 4*t(i). Give u(2).
-14
Suppose -a = -4*p - 5, -3*a + 6 = -0*a - 3*p. Let w(h) = a + 9*h**2 - 7*h**2 - h - h**3 + 2*h. Give w(3).
-5
Suppose 48 = -4*s - 5*c, -37*s + 3*c = -33*s + 16. Let i(u) = u**2 + 2*u - 26. Determine i(s).
9
Let p(d) = -3*d**2 + 21*d + 14. Let h = -11 + 16. Suppose 0 = t - 2*t - h. Let y(a) = -4*a**2 + 31*a + 21. Let c(u) = t*y(u) + 7*p(u). Determine c(-5).
8
Let l(f) = f**3 - 15*f**2 - 14*f - 12. Suppose -3*h = -4*w - 64, 0 = -h - 3*w - w. Let m be l(h). Let x(d) = -13*d - 12*d + 1 + m*d. Calculate x(-1).
6
Let r(a) = 433*a**2 - 867*a**2 - 6 + 441*a**2 - a**3 + 18*a. What is r(9)?
-6
Suppose -10*g = 2*g - 1992. Let t(w) = -80*w - 85*w + g*w + 8. What is t(-4)?
4
Let z(k) = -6*k**2 + 2*k - 4. Let h be -20*(10/(-50) + (-1)/20). Let l(u) = -u**2 - u - 1. Let n(g) = h*l(g) - z(g). Let r = 9 + -2. Calculate n(r).
-1
Let d(n) = 3*n + 5. Let j(o) = o**2 - 10*o + 16. Let t be j(11). Suppose t = 4*l + 43. Determine d(l).
-7
Let c be (12/8)/(4/8). Let j(s) = -1 - 3*s**3 - 10*s**c + 7*s**3. Suppose b + 5*v = -2 + 1, -v = 0. What is j(b)?
5
Let b = -26 - -39. Let i(c) = -20 + 8 + 5*c + b - c**2. What is i(6)?
-5
Let o(d) = -4 + 131*d**2 - 123*d**2 - d**3 - 7*d + 8. Calculate o(7).
4
Let p = 20 - 18. Suppose -p*x + 5*i + 4 = 11, 4*i = 3*x. Let l be (x/(-6))/(1/(-3)). Let v(f) = -3*f**2 - 2*f + 2. Determine v(l).
-14
Suppose -4*m + m = -5*i - 2, -m + 4 = 0. Suppose -5*r = -5*q, -3*q + 0*q - 15 = i*r. Let z be 2*(-3 - 2*q). Let s(h) = h**3 - 6*h**2 - 5. Determine s(z).
-5
Let c(s) = 2*s - 9. Let p(v) = -4*v**3 - v**2 - 3*v - 2. Let a be p(-1). Let z be a*((-26)/(-12) - (-2)/(-3)). What is c(z)?
3
Let f = -366 + 377. Let p(t) = -t**2 + 14*t - 16. Calculate p(f).
17
Let n(t) = t**2 - 4. Let a be n(3). Suppose a = 3*b - 22. Let v(q) = -12*q - b*q + 15*q. Calculate v(1).
-6
Let a(p) be the third derivative of -p**5/60 + p**4/3 - 4*p**3/3 + p**2. Let y(j) = 8*j - 2 + 14*j - 1 - 12*j. Let r be y(1). Calculate a(r).
-1
Let v(b) = 6*b**2 - 2*b - 1. Let d(g) = 6*g**2 - 3*g - 1. Let x(f) = 2*d(f) - 3*v(f). Suppose -c = 2*c - 30. Suppose -5*r - c = -15. Determine x(r).
-5
Let l(u) = u**2 - 3*u - 6. Let h = 20 + -15. Determine l(h).
4
Let j(v) be the first derivative of -2*v**2 + 32. Let f be ((-1)/(-2))/(4/24). Give j(f).
-12
Let a(q) = 8*q. Let r(d) = -22*d - 395. Let y be r(-18). What is a(y)?
8
Let w(u) be the third derivative of -u**6/120 + u**3/3 - u**2 - u. What is w(-2)?
10
Let i(m) = 2*m**2 + 10*m + 6. Suppose 17*f - 12*f + 17 = z, -4*z - f = 37. Calculate i(z).
54
Let s(v) = 0 + v - 6 + 7 - 4. Let y be s(5). Let w(a) = -5*a + 12*a**y + 0*a + 4*a + a**2. What is w(1)?
12
Let h(m) = -2*m + 2. Let i(y) = 4*y - 9. Let a(l) = -6*h(l) - i(l). Give a(-2).
-19
Suppose w - v = 0, -16*w + 4*v = -13*w + 4. Let m(b) be the second derivative of 3*b**2 + 3*b + 1/12*b**w + 0 + 7/6*b**3. What is m(-6)?
0
Let b(o) = 4 + 12*o - 8*o + 3*o**2 + o**2 - 1 + o**3. Let p(l) = 5 - 10 + 3 + 3*l. Let r be p(0). Calculate b(r).
3
Suppose -29*w = -34*w. Suppose w = -4*k + 5*k - 5. Let a(n) = 4 + 0 - 2 - n**2 + 1 + 4*n. Calculate a(k).
-2
Let n(b) = -97*b - 679. Let k be n(-7). Let s(y) = y + 2 - 2. Determine s(k).
0
Let o = 67 - 64. Let h(m) be the third derivative of 0 - 1/60*m**5 + 3*m**2 + 1/24*m**4 + 0*m + 0*m**3. Determine h(o).
-6
Suppose 3*s + 3*o - o = 23, -s = -5*o + 15. Let m(l) be the first derivative of -l**4/4 + 5*l**3/3 + 2*l - 1349. Give m(s).
2
Let v be -4 + -2 + 1 - 1. Let g(q) = -9*q + 25. Let w(n) = 4*n - 12. Let i(k) = -6*g(k) - 13*w(k). Calculate i(v).
-6
Let j(q) = q**2 -